 (-12)/(-26) - 473970/(-4810). What is the greatest common divisor of l and n?
11
Let a be ((-3)/4)/(8/256). Let j be (-13)/104 - 3/a*801. What is the greatest common factor of j and 350?
50
Suppose 15*k + 12728 = 25*k - 15092. Calculate the greatest common divisor of k and 52.
26
Suppose 0 = t + 3*b - 12, 4*t + 5*b = 18 + 37. Let h = -11 + t. Suppose 2*i + v = -i + 21, -2*i + v = -9. Calculate the highest common factor of i and h.
2
Suppose -s = 2*s - 183. Suppose -5*r = 2*y - 1322, -4*y + 7*r + 2692 = 5*r. Calculate the highest common divisor of y and s.
61
Suppose -11*q + 2555 + 22470 = 0. Calculate the highest common factor of 26 and q.
13
Suppose 3*a + 150 = 1389. Suppose 8*f + 205 = a. Calculate the greatest common divisor of 2 and f.
2
Let y be -5 + 1 + -1 - (14 + -741). Calculate the highest common factor of 2 and y.
2
Suppose -67*f + 200*f - 6100 = -111*f. Calculate the greatest common factor of f and 1230.
5
Let k = 44 - 29. Suppose -k*q + 1683 = 18*q. What is the greatest common factor of 6 and q?
3
Let v be 2072/42*(-1 - -4). Suppose w - 3*z - 55 = 0, -4*z = 4*w - v - 40. Let u = w - 13. Calculate the highest common factor of u and 4.
4
Let f = -956 - -1463. Suppose -4*z + 3*n + f = 0, -4*z - 18 = n - 521. What is the highest common factor of 9 and z?
9
Let w = 3 + -2. Let y(r) = 3*r**3 + 176*r**2 - 739*r + 12. Let m be y(4). What is the greatest common divisor of m and w?
1
Let p = -26320 + 26492. Calculate the greatest common divisor of 16598 and p.
86
Suppose -19*c + 119 = -12*c. Suppose 0 = 7*k - c*k + 1050. What is the greatest common factor of k and 70?
35
Let g(n) = -n**3 - 15*n**2 - 5*n - 24. Let s be g(-15). Suppose 3060 = s*v - 42*v. What is the highest common divisor of v and 20?
20
Let x(k) = -287*k - 5652. Let s be x(-23). What is the greatest common factor of 219 and s?
73
Let g be 15/(-20) + 3/((-120)/(-30830)). What is the greatest common factor of 44 and g?
22
Suppose 0 = 7*r - 16*r - 54*r + 13608. Suppose 2*q - 8 = -4*u, u - 3*q + 8 = 3*u. Let b = u - -23. What is the greatest common divisor of r and b?
24
Let n be (2*-134)/(-92 - -90). Calculate the greatest common divisor of n and 4.
2
Let n = -170 - -170. Suppose 28*y - 21*y - 322 = n. Let t(o) = o + 12. Let x be t(11). What is the greatest common divisor of x and y?
23
Suppose 3*l + 1434 = 4*q, -q = -3*l - 61 - 293. Suppose q = 19*b - 172. What is the greatest common factor of b and 98?
14
Suppose -5*i = 5*p - 0*i - 115, 2*p + 4*i - 56 = 0. Calculate the highest common divisor of p and 354.
6
Let u = 153 + -95. Let a be 3*-1*1 + (-83)/(5976/(-2304)). Calculate the highest common divisor of u and a.
29
Let z be ((-136)/6)/(20/(-90)). Suppose -2*m + 56 = -z. Let b = m - 78. Calculate the greatest common factor of 2 and b.
1
Let y(i) = i - 100. Let j be y(40). Let s be 3*13*(-60)/j. Calculate the highest common factor of 15 and s.
3
Let n be 13 - ((-35)/7 - 1). Let y be (-114)/(1/((-18)/4)). Calculate the greatest common factor of y and n.
19
Let h be 12/22 - ((-1323)/(-33))/(-9). Calculate the highest common factor of h and 53.
1
Suppose 0 = 2*m + q - 45895, -774*q = -2*m - 773*q + 45901. Calculate the highest common factor of m and 53.
53
Let n be ((-5)/2)/(39/(-195))*(-6)/(-5). Calculate the highest common divisor of 519 and n.
3
Suppose -5*p + 183 = -322. Let l = 149 - p. Calculate the greatest common factor of 12 and l.
12
Let p = -236 + 241. Suppose -5*i = l - p*l + 810, -4*i - 8 = 0. What is the highest common factor of 75 and l?
25
Suppose 165 = -2*h + 795. Let b be 168/196 + 11268/84. Calculate the greatest common divisor of h and b.
45
Suppose -799*q + 804*q - 4*p = 1218, 524 = 2*q + 3*p. What is the greatest common factor of q and 5850?
50
Suppose v - 584 = -4*s, -70*s - 2*v = -67*s - 433. What is the highest common divisor of s and 343?
49
Let h(t) = t**2 - 2*t + 3. Let o be h(3). Suppose 3*n - 34 = 5*l, 0*l - 2*n + 20 = -3*l. Let v = o - l. Calculate the greatest common factor of v and 14.
14
Let b(f) = -3*f - 52. Let v be b(-22). Let t be (50/8)/(v/56). Suppose -t = -4*j + 7. What is the highest common divisor of 20 and j?
4
Let k = 8 + 46. Suppose -2*u + 2 = 4*o, 27*u + 5 = -4*o + 24*u. What is the greatest common factor of o and k?
2
Let x(v) = v**3 - 6*v**2 + 12*v - 15. Let z be x(5). Suppose -2*q - 3 = 3*f - z, q - 4 = 0. Suppose 4*b = b + f. What is the highest common divisor of 2 and b?
1
Let g(u) = u**3 - 6*u**2 + 4*u + 8. Let n = -13 + 18. Let l be g(n). Suppose -8*c = -5*c - l. Calculate the greatest common factor of 9 and c.
1
Let a be (21 - (-945)/60)/((-6)/(-400)). Calculate the greatest common factor of a and 392.
98
Let s = 483 + -408. Suppose -5*r - 7*t + 2*t = -s, -4*t = r - 6. Calculate the highest common divisor of r and 828.
18
Let d = 3177 - 3056. Calculate the highest common divisor of 55 and d.
11
Suppose 0 = 49*l - 41*l - 248. Suppose -18*b = 4071 - 33645. What is the highest common factor of l and b?
31
Let a be 13 + 57/3 + -2. Calculate the greatest common factor of 1194 and a.
6
Let x(h) = -25*h - 1678. Let n be x(-72). Let o be -2 + (18/(-117) - 54/(-13)). What is the greatest common divisor of o and n?
2
Let c(o) = -10*o + 5. Let f be c(-9). Let q be -1 + f - (-7 + (15 - 5)). Calculate the greatest common factor of 7 and q.
7
Let n be 1 + (-7)/(-2)*2. Suppose -4*g + n*g - 560 = 0. Let c(t) = 5904*t + 224362. Let v be c(-38). What is the greatest common divisor of g and v?
10
Let t be (2680/(-15))/((320/12)/8 + -4). What is the highest common divisor of 10 and t?
2
Suppose -c = -165*l + 168*l - 262, -5*c + 166 = 2*l. What is the highest common divisor of 99 and l?
11
Suppose 139*u + 640 = -133*u + 280*u. Calculate the highest common factor of 40 and u.
40
Let m = 179 + -95. Let q = -91 + 552. Suppose 0 = -6*y + q - 389. What is the highest common divisor of y and m?
12
Let g be 121/(-7502) - (-8188)/248. Suppose 0 = -3*x + 1562 - 275. Calculate the greatest common factor of g and x.
33
Let t be (-9370)/(-65) - (-16)/(-104). What is the highest common factor of t and 1224?
72
Suppose -467*g = -472*g + a + 768, g - a - 160 = 0. What is the highest common divisor of 152 and g?
152
Let v(k) = -252*k**2 + 14*k + 13. Let j be v(-1). Let x = 383 + j. What is the highest common divisor of x and 30?
10
Let j(h) = 178*h - 747. Let p be j(18). What is the greatest common factor of 54 and p?
27
Let x(z) = -21*z - 750. Let l be x(-38). What is the greatest common factor of l and 228?
12
Let d(p) = 5*p**3 - 5*p - 12. Let b be d(4). Let l = 92 - 87. Let s(o) = 6*o - 12. Let a be s(l). What is the highest common divisor of b and a?
18
Let x be 49/(-1) - (-24 - -23)*7. Let w be (-2)/6 + (-290)/(-6). Let q = x + w. Calculate the greatest common factor of q and 4.
2
Suppose 318*z - 18544 = 74*z. Let m(t) = -t - 2. Let y be m(-6). Suppose 8 + 3 = l + y*p, -5*l + 97 = -p. Calculate the highest common factor of l and z.
19
Let p = -166 - -171. Suppose -3*m - p*k = -12, 2*m - 6 = m - k. Calculate the highest common factor of 72 and m.
9
Let a be (-1)/1 + (30 - 3). Suppose -9 = 9*v - 12*v. Suppose 0 = v*q - 23*c + 28*c - 78, 2*c + 78 = 3*q. Calculate the highest common divisor of q and a.
26
Suppose 4*d - d = o + 28, 0 = 5*d - 4*o - 42. Suppose 0 = 4*c - d*c + 30. Let y(t) = 71*t - 411. Let j be y(6). What is the greatest common divisor of j and c?
5
Let j = 12044 - 8306. What is the highest common divisor of j and 7?
7
Suppose -349*d = -500 - 1896 + 302. Suppose 0 = 3*y - 0*y - 36. What is the greatest common factor of y and d?
6
Let l be 43/((528/6888)/22). Calculate the highest common factor of l and 43.
43
Let v(k) = -16*k + 140. Let j be v(0). Let u = -5 + 12. What is the greatest common divisor of u and j?
7
Let y = -2 + 9. Suppose y*j + 350 = 2*j - 2*o, 3*o = 0. Let c be (46/(-10))/(14/j). What is the highest common divisor of 23 and c?
23
Suppose -68 = -25*x - 43*x. Let h(o) = 501*o**2 + 48*o - 49. Let i be h(x). What is the greatest common divisor of 60 and i?
20
Let z(c) = -93*c**2 - 4564*c - 38. Let d be z(-49). What is the greatest common divisor of d and 85?
5
Let d be (-228)/(-171)*(-3)/(-4). Calculate the greatest common divisor of d and 67.
1
Let i = 19295 + -19043. What is the highest common factor of 333 and i?
9
Let y(k) =